t j = 350 - s. List the prime factors of j.
5, 19
Let f = 4 + -6. Let d be ((-50)/f)/((-1)/(-1)). Suppose -4*u - d = -81. List the prime factors of u.
2, 7
Let x = 17633 - -24630. What are the prime factors of x?
13, 3251
What are the prime factors of (1 + -117)*(-59 + 29 + -23)?
2, 29, 53
Let a(t) = -t. Let j be a(-3). Suppose -4*y + 2*n - 34 = 0, y - j*n + 21 = -0*y. Let l(z) = 2*z**2 + 6*z - 12. List the prime factors of l(y).
2, 3
Let d(a) = a + 24. Let g(v) = v**3 + 13*v**2 - 14*v - 11. Let u be g(-14). List the prime factors of d(u).
13
Suppose 45*b = 186870 + 173893 + 137792. List the prime factors of b.
3, 1231
Let k(p) = 285*p - 92. Let u = -371 - -374. List the prime factors of k(u).
7, 109
Let b = 94 + -16. Let x = 30 - b. Let k = 88 - x. What are the prime factors of k?
2, 17
Let w(j) = 2*j + 12. Let x(b) = -3*b - 13. Let f be 10/(-4)*(-16)/(-30)*-3. Let k(n) = f*w(n) + 3*x(n). What are the prime factors of k(-2)?
11
Let k(b) = -b**2 - 21*b + 8. Let t be k(-21). Suppose -6*v + 2*v + t = 0. Suppose -3*p = v*p - 350. List the prime factors of p.
2, 5, 7
Suppose y = -16*b + 12*b + 3, 6 = 2*y + 5*b. Suppose 2*o - 2*f - 626 = 0, 206 = -5*o + y*f + 1775. List the prime factors of o.
3, 5, 7
Let s(y) = -344*y**2 - 2*y - 3. Let w be s(5). What are the prime factors of -6 + w/18*-2?
3, 317
Let r = 4415 + -2063. List the prime factors of r.
2, 3, 7
Suppose 15417 + 16201 = 12*i + 10486. List the prime factors of i.
3, 587
What are the prime factors of 78746/3 - ((-128)/96)/(0 + 4)?
26249
Let s(h) = -28*h - 20. Let u(k) = -27*k - 22. Let z(i) = -6*s(i) + 5*u(i). What are the prime factors of z(5)?
5, 7
Let m be (-12)/21*42/(-12). Let q be (m - 0) + (311 - 1). Suppose 0 = -4*d - 20, q = 3*r - 4*d - 77. What are the prime factors of r?
3, 41
Let j(v) = -130*v**3 - 3*v**2 - 24*v - 33. List the prime factors of j(-4).
5, 1667
Let v = 144 - 150. What are the prime factors of (0 - 0) + (-698)/(-8 - v)?
349
Let y(u) = u**3 - 8*u**2 - 11*u + 52. Suppose 26*v - 23*v - 36 = 0. List the prime factors of y(v).
2, 31
Let v(r) = r - 183 - r**3 + 78*r**2 + 323 - 79*r**2 + 212. What are the prime factors of v(0)?
2, 11
Let a(o) = -4*o + 20242. List the prime factors of a(0).
2, 29, 349
Let g = -3695 + 1862. Let h = 2699 + g. What are the prime factors of h?
2, 433
Let p be 68/(-7) + 10/(-35). Let t(h) = -h**3 - 10*h**2 - 3*h - 15. Let g be t(p). List the prime factors of g/20*4 - -24.
3
Let d = -16500 + 24829. List the prime factors of d.
8329
What are the prime factors of 61848 - -15*25/75?
11, 5623
Let f be 4/1 + (7 - -2)/9. Suppose 0 = 10*i - f*i - 700. List the prime factors of i.
2, 5, 7
Let q = 19889 + 5298. List the prime factors of q.
89, 283
Suppose 33*l = i + 32*l - 37, 0 = -3*i - 4*l + 132. Suppose i*m = 42*m - 984. List the prime factors of m.
2, 3, 41
Let m = 1453 - 628. Let t = 1466 - m. What are the prime factors of t?
641
Suppose 8*k - 4*a - 67820 = -2*a, 2*a = -4*k + 33904. List the prime factors of k.
7, 173
Let c = -6 + -893. What are the prime factors of 2/12 - c/6?
2, 3, 5
What are the prime factors of -138*(6 + 4956/(-36))?
2, 5, 23, 79
Suppose -7*z = -0*z - 21. Suppose 0 = z*b - 1624 - 257. List the prime factors of b.
3, 11, 19
Suppose 6*a = -4*u + 3*a + 316, 3*u + a - 237 = 0. Suppose 65 + u = 2*l. Suppose v - l = 54. What are the prime factors of v?
2, 3, 7
Let m(y) = y**2 - 169*y + 37. Let v(i) = i**2 - 112*i + 25. Let g(p) = 5*m(p) - 7*v(p). List the prime factors of g(-28).
2, 3, 5
Suppose 2*m - 3*m + 4*a = 0, 0 = 4*m + 2*a - 18. Suppose m*h - 1415 = 29. What are the prime factors of h?
19
Let w = 292 - 334. What are the prime factors of 705/(3/w - (-72)/126)?
2, 3, 5, 47
What are the prime factors of (2/4 - 2) + 6/((-72)/(-7242))?
2, 7, 43
Suppose 176*a = 152*a + 33552. List the prime factors of a.
2, 3, 233
Let m = -924 + 1985. What are the prime factors of m?
1061
Suppose 4*k - 1963 - 6930 = 10631. What are the prime factors of k?
3, 1627
Let y = 80 - 83. List the prime factors of 178*(-1 - y)*(6 - 5).
2, 89
Suppose 5*j + 3 = 18. Suppose d + 5*l + 6 = j*d, -3*d = 3*l + 12. Let g(k) = 20*k**2 - 3*k - 4. What are the prime factors of g(d)?
2, 41
Suppose 0*t - 2*t = 0. Suppose -2*p + 6*p - w - 2516 = t, -w - 632 = -p. Let x = -408 + p. What are the prime factors of x?
2, 5, 11
Suppose 0 = -2*a + o + 687, 5*o + 691 = 2*a - 0*o. Let j = -134 + a. What are the prime factors of j?
11, 19
Let a(b) be the third derivative of -b**4/24 - 2*b**3/3 + 11*b**2. Let k be a(2). List the prime factors of (-6)/k - -4*6.
5
Suppose o + 39 - 144 = -3*s, 5*o - 525 = 3*s. Suppose -5*c - 35 = -0*c. List the prime factors of -7 + o/14 + c/(-2).
2
Suppose 0 = -31*j - 13 - 607. What are the prime factors of (-5835)/j + 27/(-36)?
3, 97
Suppose x - 726 = -o, 3*o - 394 = -397. List the prime factors of x.
727
Suppose 4*m + 2*k = 8140, -5*m - 3*k = -3*m - 4062. Suppose -2*s + m = 249. List the prime factors of s.
2, 3, 149
Let b(g) = 100*g**2 + 336*g - 7582. List the prime factors of b(24).
2, 113, 257
Let l(n) = -n**2 - 9*n + 57. Let a be l(-16). Let i = -101 - -69. Let z = i - a. List the prime factors of z.
23
Let l be (-13)/(-91) - 309/7. What are the prime factors of (-6384)/(-22) + 8/l?
2, 5, 29
Suppose -64*u = -80*u + 10400. Let l = 837 - u. What are the prime factors of l?
11, 17
List the prime factors of (-124252)/(-5) + (6/7)/(860/602).
24851
Suppose 41 = -4*d - h, 0*h + 70 = -5*d + 5*h. Let k be ((d/(-2))/1)/((-15)/(-60)). Suppose -3*u + 3*m = -u - 34, u = 4*m + k. List the prime factors of u.
2, 7
Let j(a) = -134*a - 271. What are the prime factors of j(-19)?
5, 7, 13
Let k be 2/(4/25)*2. List the prime factors of k*8/(40/57).
3, 5, 19
What are the prime factors of (-1)/(-4) - (10 - (8849850/(-40))/(-15))?
2, 5, 11, 67
Let o = 59848 - 41849. What are the prime factors of o?
41, 439
Let v(z) = 564*z**2 + 4*z + 12. Let m be v(-2). Suppose m = 4*i - 2*f, 0 = -4*f + 10 - 2. What are the prime factors of i?
2, 283
Let g = 17582 + -7564. What are the prime factors of g?
2, 5009
Let t(r) = -r**3 - 9*r**2 - r. Suppose -5*z = 5*f + 20, -f - 2*z = 2*f + 17. Let v be t(f). Let h = v + -2. List the prime factors of h.
7
Let p(y) be the first derivative of 23*y**5/120 - y**4/3 + y**3/3 - 23. Let c(r) be the third derivative of p(r). What are the prime factors of c(3)?
61
Suppose 3*h = 5696 + 3283. Suppose -46*x - h = -67071. List the prime factors of x.
7, 199
Suppose 25 = 7*l - 2*l. Let j(g) = 3*g**3 - 9*g**2 - 6 + 12*g**2 - 2*g**3 - 10*g. List the prime factors of j(l).
2, 3
Suppose -37*q + 353035 + 133694 = -413518. What are the prime factors of q?
29, 839
Suppose t + 2*g + 16 = 4*t, -8 = -3*t - 2*g. Suppose -t*u + 118 = -5*u. Let q = u - -249. What are the prime factors of q?
131
Let n(h) = h**3 + 5*h**2 - 6*h - 1. Let c be n(-5). Let t = c - 26. What are the prime factors of (-9)/t*182/(-6)?
7, 13
Let x(s) = s**2 - 19*s + 30. Let a be x(16). Let y = a - -20. Suppose -y*z - 480 = -8*z. List the prime factors of z.
2, 5
Let r(b) = 1303*b + 10365. What are the prime factors of r(54)?
3, 71, 379
Let p = -159 - -166. Suppose -3*c = -3*u + 942, -2*c = -p*c + 5. List the prime factors of u.
3, 5, 7
Suppose 9*v + 18 = -3*k + 7*v, -12 = 2*k + v. Let g(m) = -109*m + 6. What are the prime factors of g(k)?
2, 3, 5, 11
Let j(r) = 809*r**2 - 35*r - 64. List the prime factors of j(-6).
2, 5, 2927
Let h(u) = u**3 - 7*u**2 + 8*u - 52. Let n be h(10). Let i = 241 + n. What are the prime factors of i?
569
Suppose -9*n = -13*n, 2*x = -3*n - 70. Let y(o) = -o**2 - 33*o + 94. List the prime factors of y(x).
2, 3
Let c be (-3253)/(-5) - 34/(-85). Let h = c + -215. Let k = -169 + h. What are the prime factors of k?
3, 89
Let u = 201 + -180. Let b = u + 23. List the prime factors of b.
2, 11
Let z(n) = 8. Let y(w) = -w - 7. Let h(d) = -2*y(d) - 3*z(d). Let q be h(5). Suppose q = a - k - 77, -2*a + 144 = -k - 11. What are the prime factors of a?
2, 3, 13
Let q(f) be the second derivative of 5/12*f**4 + 0 - f**2 - 1/6*f**3 - 5*f. What are the prime factors of q(-3)?
2, 23
Suppose 0 = 125*f - 128*f + 27. Let w be (f/(-4)*-10)/((-3)/6). List the prime factors of (238/(-35))/(3/w).
2, 3, 17
Suppose -9107 - 8339 = -2*t + 4*z, -4*z - 26155 = -3*t. What are the prime factors of t?
3